Determine f(0).
-1
Let o(f) be the third derivative of f**6/120 + f**5/60 + f**4/8 + f**3/2 - 2*f**2. Calculate o(-2).
-7
Suppose b = -0*z + 5*z + 26, 2*z + 32 = 4*b. Let u(p) = -1 - 2*p**2 + 2*p**3 - b*p**3 + 2*p - 3*p**3 + 2*p**3. What is u(1)?
-6
Let i(l) = -l**3 - 7*l**2 - l - 6. Suppose -2 + 0 = a. Let m be (-132)/20 + a/5. Determine i(m).
1
Suppose 2*h = 4 + 6. Let q(t) = 2*t**2 - 23*t + 7. Let z(i) = 5*i + i**2 + 0*i**2 - 15*i - 2*i + 4. Let v(w) = -6*q(w) + 11*z(w). Calculate v(h).
7
Let g(c) = 4*c**3 - c**2 + 1. Let r be (-4 - (2 + -5))*-1. Calculate g(r).
4
Let s(u) = -3*u - 1. Let o(y) = 7*y + 1. Let a(z) = -4*o(z) - 9*s(z). What is a(4)?
1
Let b(k) = k + 5. Let c be -6 - -2 - 15/3. Let r(w) = 3*w + 11. Let o(j) = c*b(j) + 4*r(j). Give o(4).
11
Let d be -2*1/2*-1. Let h(j) be the first derivative of 0*j**2 + 2*j**2 + 3 - j - 2. Give h(d).
3
Let n(q) = q**3 + 6*q**2 + 4*q + 7. Let b = -87 - -82. Determine n(b).
12
Let v(r) = -3*r + 1. Let h be v(1). Let c(k) be the third derivative of k**6/120 + k**5/20 + k**4/8 + k**3/3 + 4*k**2. Calculate c(h).
0
Let x(l) = -6*l**2 + l - 5. Let u(h) = 4*h**2 - h + 4. Let o(i) = 6*u(i) + 5*x(i). Let y(b) = -1 - 3*b**2 + 3*b + 4*b**2 + 2. Let w be y(-2). What is o(w)?
-6
Suppose 3*h - 36 = -6*h. Let s(z) = -z**2 + 2*z - 2. What is s(h)?
-10
Let a be 30/(-9)*9/6. Let u(l) = l**2 + 3*l. Calculate u(a).
10
Let q(l) = -l**3 - 6*l**2 - l + 6. Let x(y) be the third derivative of y**5/60 - y**3/6 - y**2. Let t(f) = q(f) + 5*x(f). Determine t(-2).
7
Let g(q) = -q**2 + q - 9. Let d be g(0). Let s = 13 + d. Let j(n) = n**3 - 4*n**2 - n + 3. Calculate j(s).
-1
Suppose 4*p = -r - 1, 4*r - p - 3*p - 16 = 0. Let x(q) = -r*q + 0 - 2 - q + 1. Calculate x(-1).
3
Let v(b) be the third derivative of b**6/120 - b**5/12 + b**4/24 - b**3/6 - b**2. Let s = -15 + 8. Let p = s + 12. Calculate v(p).
4
Let a be (2 - (6 + 1))*-1. Let c(u) = -3*u**2 + 9*u - 4*u + 2*u**2. Give c(a).
0
Let h(j) be the third derivative of j**5/15 + j**3/6 - 9*j**2. Calculate h(1).
5
Suppose 3*n + 3*x = 3, 3 = -2*x - 1. Let r(p) = -p**3 + 2*p**2 + p + 4. Determine r(n).
-2
Let s(k) be the second derivative of -k**4/12 - k**3/2 + k**2 - 3*k. Let f be s(-4). Let w(g) = -3*g**2 - 3*g. What is w(f)?
-6
Let w(z) = -z. Let f(g) = g**3 - g**2 + 2*g - 3. Let u(d) = -d. Let y be u(-2). Let r be f(y). Calculate w(r).
-5
Suppose 0*d - 6 = 2*d. Let v(z) be the second derivative of z**6/360 - z**4/8 - z**3/2 + 2*z. Let f(b) be the second derivative of v(b). Calculate f(d).
6
Let z(i) = i**3 - 6*i**2 - i - 1. Let j(y) = -6 - y**2 - 4*y + 0 - 5*y + y. Let h be j(-6). Give z(h).
-7
Let a(s) be the first derivative of -s**2 + 2*s - 3. Calculate a(-3).
8
Let k(i) = -i + 12. Let s be k(12). Let u(t) = -t**2 - t - 9. Determine u(s).
-9
Suppose -2*v - w + 20 = v, -4*v = 3*w - 30. Let i(l) = -l**3 + 6*l**2 + l - 3. Determine i(v).
3
Let p(t) = t**3 - 6*t**2 + 6*t - 3. Let h be (-2)/3*(-30)/(-4). Let c = 0 - h. Give p(c).
2
Suppose 0 = 3*d - 3 - 6. Suppose -l = d*p + 2 - 1, -l + p = -7. Let g(t) = t. Determine g(l).
5
Let a(g) = -2*g**2 + g + 1. Let s = 10 + -4. Let k = s - 4. What is a(k)?
-5
Let x(f) = f**2 - 5*f - 2. Let w = 4 - 2. Let v(b) = 2*b**3 - 2*b**2 - 3*b + 2. Let j be v(w). Determine x(j).
-6
Let v(f) = -f + 10. Let b be v(7). Let k(h) = -h**2 + 0*h**2 + 2*h - 3*h + b + 5*h. Let n be 74/14 + 6/(-21). Determine k(n).
-2
Let u(l) = l**3 - l**2 + l + 6. Suppose m + 2*g + 3 = 13, -m + 3*g - 5 = 0. Let s be 0/(-2)*2/m. Calculate u(s).
6
Suppose -9*c - 12 = -5*c. Let u(l) = -l**2 - 2*l - 4. Determine u(c).
-7
Let f(z) = -2*z - 12. Let y be f(-8). Suppose -5*k + y = -k. Let a = 4 - k. Let h(u) = u**3 - 4*u**2 + 2*u - 3. Determine h(a).
-6
Let c be ((-18)/3)/((-2)/14). Let j = c + -59. Let p be j/3 + (-4)/(-6). Let s(v) = -v**3 - 4*v**2 + 6*v + 5. Give s(p).
0
Let s(c) be the third derivative of c**5/60 - c**4/24 - 11*c**2. Determine s(1).
0
Let r(a) = -1 + 2 - a + 3 - 5. Give r(5).
-6
Let g(k) = -4*k. Suppose 2*a - n + 11 = 0, 2*n = 3*a + n + 14. What is g(a)?
12
Let c(q) = -q - 1. Let o be c(-6). Let f(n) = 0 - 3*n - 3 + o. Give f(4).
-10
Let z(f) = f**3 - 6*f**2 - 6*f - 7. Let q = 1 - -3. Suppose -4*r = -5*y + 47, -3*r - 34 = -q*y - r. Calculate z(y).
0
Let p(d) = d - 3. Suppose 3*j = -6, -3*k + 6 = -2*k - 3*j. Suppose -12 = -2*w + u, u + 2 = -k. Suppose -4*i = -3*s + 18, 4*s = w*i + 5*s + 13. Determine p(i).
-6
Let j(z) = -z + 4. Let q be j(11). Let y = q + 2. Let g(b) = -10*b**2 - 12*b + 10. Let s(c) = -3*c**2 - 4*c + 3. Let p(w) = 2*g(w) - 7*s(w). Calculate p(y).
4
Let h(k) be the first derivative of 5*k + 1/2*k**2 + 3 + 1/3*k**3. What is h(0)?
5
Let r(o) be the third derivative of -o**6/20 + o**4/24 + 5*o**2. Calculate r(1).
-5
Let h(l) = 0 + 1 + 34*l - 15*l - 20*l. Give h(5).
-4
Let o(j) = 1 - 2*j + 0*j**2 + 4*j + 3*j**2. Let y(f) = -f**3 - 6*f**2 + 7*f - 2. Let u be y(-7). Calculate o(u).
9
Let z(l) = l**3 + 4*l**2 - 7*l + 2. Let p(k) = -4*k**3 - 2*k**2 - 5*k + 6. Let w be p(1). Determine z(w).
12
Let q(w) be the third derivative of 11*w**5/60 + 5*w**4/12 + 17*w**3/6 - 2*w**2. Let o(c) = -4*c**2 - 3*c - 6. Let u(y) = 8*o(y) + 3*q(y). Give u(-5).
-2
Let u(q) be the second derivative of -q**5/20 - q**4/3 - q**3/2 - q**2 - 10*q. Calculate u(-4).
10
Let z(o) = -o + 4. Let b(k) = 5*k + 23. Let h be b(-3). Determine z(h).
-4
Let y(g) be the first derivative of g**4/4 - 7*g**3/3 + 5*g**2/2 - 6*g - 14. Determine y(6).
-12
Let k(g) = -3*g**2 + 0 + 0 + 4*g**2. Determine k(0).
0
Let s(h) be the third derivative of -h**7/840 - h**6/72 - 7*h**5/120 - h**4/4 + h**3/6 + 2*h**2. Let w(y) be the first derivative of s(y). Calculate w(-4).
6
Suppose 4*s - s - 5 = 2*r, -3*s + 1 = -r. Let m(f) = f**3 + 4*f**2 - 3*f + 4. What is m(r)?
16
Suppose h - 3*h = 3*h. Let x(a) = -a**3 - a + 2. What is x(h)?
2
Let o(i) = 9*i**3 + 11*i**2 - 2*i + 15. Let n(v) = -5*v**3 - 6*v**2 + v - 8. Let w(a) = -7*n(a) - 4*o(a). Suppose 5*x - 12 + 27 = 0. Determine w(x).
2
Let y(u) = 153*u**2 - 152*u**2 + 0 - 4*u + 2. Determine y(3).
-1
Suppose 4*z = 4 + 20. Let t(g) be the second derivative of -g**3/6 + 11*g**2/2 + 5*g. Calculate t(z).
5
Let m(c) = -3*c**3 - 5 - c + c**3 + c**3 - 9*c + 11*c**2. Give m(10).
-5
Let v(r) = r**2 - 1. Let o(k) = -k**2 - 7. Let x(i) = 3*i**2 - i + 21. Let f(w) = 17*o(w) + 6*x(w). Let z be (0 - (-1)/(-1)) + 6. Let s be f(z). What is v(s)?
3
Let d(p) = -p**2 - 12*p + 6. Let r(z) = -2*z**2 - 23*z + 11. Let a(u) = -7*d(u) + 4*r(u). What is a(-9)?
-7
Let m(h) = -3*h - 8. Let u(t) = -4*t - 9. Let j(d) = 5*m(d) - 4*u(d). Suppose -3 + 0 = -g. What is j(g)?
-1
Let a(w) = -5 + 0*w - 2*w + w**2 - 3*w. Let z(s) = -s**2 - 6*s - 6. Let p be z(-4). Let y be (-3)/p*(-30)/9. What is a(y)?
-5
Let p(y) = -y**3 + 11*y**2 + 4*y + 3. Let u(l) = -l**2 - l. Let m(n) = p(n) + 6*u(n). Calculate m(5).
-7
Let u(d) = 3*d - 2. Let h = -22 + 14. Let w = -10 - h. Calculate u(w).
-8
Suppose 0 = -0*i + 3*i - 18. Let d(h) = h**2 - 6*h + 5. Calculate d(i).
5
Let o(u) be the third derivative of -u**6/120 - u**5/10 - 5*u**4/24 - u**3/2 - u**2. Suppose -3*r - 5*q - 5 = 0, 4*r - 5*q + 39 = 9. What is o(r)?
-3
Let p(d) be the second derivative of -d**3/6 - d. Calculate p(0).
0
Let z(n) be the second derivative of -n**3/2 - n**2/2 - 7*n. Calculate z(4).
-13
Let b = -16 + 18. Let s(x) = -x**2 + x. Determine s(b).
-2
Let g(x) = -2*x - 5. Let d(c) = -2*c - 6. Let w(u) = 3*d(u) - 4*g(u). Let l = -43 - -41. Give w(l).
-2
Let w = 28 + -31. Let l(t) = -t**2 - 5*t - 3. What is l(w)?
3
Suppose 3*q = 2*q. Suppose 4*u - 9 = 3. Let z(x) = -6*x - x**u + q*x**3 + 2*x**3 + 4*x**2 - 2. Determine z(-5).
3
Let b(f) = -4*f**2 - f**3 - 2 + 4 - 3 - 2. Give b(-3).
-12
Let x(c) = 8*c**2 - 10*c - 2. Let z(n) = 7*n**2 - 9*n - 2. Let h(w) = -6*x(w) + 7*z(w). Determine h(5).
8
Let w be 2/4*(3 - 1). Let j(f) = 1 - w - f + 5*f. What is j(-1)?
-4
Suppose 10*t - 5*t = 45. Let d(l) = t - 5 + l - 1. Give d(3).
6
Let d = 36 - 34. Let p(w) = -7*w + 3. Calculate p(d).
-11
Let m(i) be the second derivative of 0 + 3*i + 2*i**2 + 1/2*i**3. Give m(-3).
-5
Let p(q) be the third derivative of -q**4/12 - q**3/3 + 17*q**2. Calculate p(2).
-6
Let r = -8 - -5. Let v(u) = u + 3. Let d(g) = -2*g - 6. Let h(x) = 3*d(x) + 7*v(x). Give h(r).
0
Let m(w) = w**3 -